{"id":72,"date":"2011-12-25T17:22:16","date_gmt":"2011-12-25T08:22:16","guid":{"rendered":"http:\/\/jagoche.splet.arnes.si\/?page_id=72"},"modified":"2025-04-24T19:04:44","modified_gmt":"2025-04-24T17:04:44","slug":"my-links","status":"publish","type":"page","link":"https:\/\/jagoche.splet.arnes.si\/?page_id=72","title":{"rendered":"Links"},"content":{"rendered":"\n<p><a href=\"https:\/\/ari.nus.edu.sg\/ariscope\/songhak-maeul-seoul\/\">Songhak Maeul: Community Capacity Building in Marginalised Neighbourhoods of Seoul<\/a><br>Article revisits community activism in Songhak Maeul in Seoul and highlights some of its achievements and legacies, ARIscope, Singapore, 2025.<\/p>\n\n\n\n<p><a href=\"https:\/\/casie.splet.arnes.si\/neighbourhood-improvement-and-displacement-in-seoul\/\">Neighbourhood improvement and displacement in Seoul<\/a><br>An essay on neighbourhood improvement, displacement and neighbourhood resilience in Seoul, CASIE, Ljubljana, 2024.<\/p>\n\n\n\n<p><a href=\"https:\/\/casie.splet.arnes.si\/urban-gardening-in-south-korea-and-slovenia-as-neighbourhood-collective-action\/\" target=\"_blank\" rel=\"noreferrer noopener\">Urban gardening in South Korea and Slovenia as neighbourhood collective action<\/a><br>On the social importance of urban gardening as a neighbourhood collective action in South Korea and Slovenia, CASIE, Ljubljana, 2024.<\/p>\n\n\n\n<p><a rel=\"noreferrer noopener\" href=\"https:\/\/socialpolicyworldwide.org\/post\/strengthening_social_cohesion_through_neighbourhood_improvement_32\" target=\"_blank\">Strengthening social cohesion through neighbourhood improvement<\/a><br>Comparison of neighbourhood improvement in Seoul and Singapore as social policy by other means, Social Policy Worldwide, Bremen, 2024.<\/p>\n\n\n\n<p><a href=\"https:\/\/ipop.si\/wp\/wp-content\/uploads\/2015\/08\/Skupnostne-prakse_zbornik-posveta.pdf\" target=\"_blank\" rel=\"noreferrer noopener\">Collaborative spatial practices: The case of Seoul, Korea<\/a><br>Brief overview of emerging civic involvement in urban development of Seoul, IPoP, Ljubljana, 2015.<\/p>\n\n\n\n<p><a href=\"http:\/\/www.dlib.si\/details\/URN:NBN:SI:spr-M6AWA8YM\" target=\"_blank\" rel=\"noopener\">Urban development and culture in global Seoul<\/a><br>Production of culture and its meanings for urban development in Seoul, Emzin, Ljubljana, 2013.<\/p>\n\n\n\n<p><a href=\"http:\/\/ipop.si\/2013\/03\/13\/demokratizacija-vsakdanjega-zivljenja\/\" target=\"_blank\" rel=\"noreferrer noopener\">Democratization of everyday life and neoliberal upheaval<\/a><br>On the role of civic society in Slovenia and South Korea in contesting neoliberalism, Dr\u017eavljanska odgovornost, Ljubljana, 2013.<\/p>\n\n\n\n<p><s>Fresh approaches to urban design in the metropolitan Seoul<br>Comparison of the urban design projects for Bupyeong Culture Street and Gwanghwamun Plaza in the Seoul metropolitan region, Asian Urban Epicenters, Singapore, 2012.<\/s><\/p>\n\n\n\n<p><s>Urban regeneration in Barcelona and Seoul: Different approaches, similar results?<br>Article on urban regeneration as an instrument of neoliberal urban policy in Barcelona and Seoul, Asian Urban Epicenters, Singapore, 2012.<\/s><\/p>\n\n\n\n<p><a rel=\"noopener\" href=\"http:\/\/ipop.si\/2011\/06\/16\/vkljucevanje-prebivalcev-v-prenovo-soseske-imun-dong\/\" target=\"_blank\">Participation of residents in urban renewal of Imun-dong<\/a><br>Report on the collaboration of residents and Urban Action Network in the urban renewal of Imun-dong, IPOP, Ljubljana, 2011.<\/p>\n\n\n\n<p><a href=\"http:\/\/ipop.si\/2011\/03\/30\/ustvarjalna-mesta-v-juzni-koreji\/\" target=\"_blank\" rel=\"noopener\">Networking of creative cities in Korea<\/a><br>Report from the national forum of the UNESCO Creative Cities Network, IPOP, Ljubljana, 2011.<\/p>\n\n\n\n<p><a href=\"http:\/\/ipop.si\/2010\/12\/21\/seoul_town_meeting\/\" target=\"_blank\" rel=\"noopener\">Global Seoul: From a multicultural city towards a city of multiple cultures?<\/a><br>Report from the Seoul town meeting on multiculturalism, University of Seoul, Seoul, 2010.<\/p>\n\n\n\n<p><a href=\"http:\/\/skopje2803.blogspot.com\/2009\/04\/where-is-skopje-going-incident-in.html\" target=\"_blank\" rel=\"noopener\">From open city towards Grand national capital<\/a><br>Mapping of the symbolic reconstruction in Skopje with Goran Janev, To\u010dka Culutral Center, Skopje, 2008.<\/p>\n\n\n\n<p><s>Between the morning calm and new urbanity<br>Article about the exhibition on South Korean architecture S(e)oul Scape, Ve\u010der, Maribor, 2008.<\/s><\/p>\n\n\n\n<p><a href=\"http:\/\/www.asia.cinedie.com\/en\/liffe_06.htm\" target=\"_blank\" rel=\"noopener\">Liffe and Asians<\/a><br>Asian Cinema at the 17th Ljubljana International Film Festival (LIFFe), Cinedie Asia, Lisbon, 2006.<\/p>\n\n\n\n<p><s>Everyday and Korean culture<br>A short story on Korean everyday life, Korea Foundation, Seoul, 2006.<\/s><\/p>\n\n\n\n<p><s>Recent Architecture in Slovenia<br>Brief review of the recent architecture in Slovenia, Trajekt, Ljubljana, 2003.<\/s><\/p>\n\n\n\n<p><s>Around Autodentity<br>Research on cities, automobility and identity, Rotterdam Academy of Architecture, Rotterdam, 2001-2003.<\/s><\/p>\n\n\n\n<p><s>Prva!<br>International urban planning workshop in La\u0161ko, Municipality of La\u0161ko, La\u0161ko, 2001-2002.<\/s><\/p>\n\n\n\n<p><a href=\"http:\/\/mehanizmi.ipop.si\/\">Mechanisms<\/a><br>Research on open space in Dalmatian traditional towns, CEEPUS, Ljubljana, 1998-1999.<\/p>\n\n\n\n<p>Please note that some older links unfortunately do not work any longer.<\/p>\n","protected":false},"excerpt":{"rendered":"<p>Songhak Maeul: Community Capacity Building in Marginalised Neighbourhoods of SeoulArticle revisits community activism in Songhak Maeul in Seoul and highlights some of its achievements and legacies, ARIscope, Singapore, 2025. Neighbourhood improvement and displacement in SeoulAn essay on neighbourhood improvement, displacement &hellip; <a href=\"https:\/\/jagoche.splet.arnes.si\/?page_id=72\">Continue reading <span class=\"meta-nav\">&rarr;<\/span><\/a><\/p>\n","protected":false},"author":250,"featured_media":0,"parent":0,"menu_order":1,"comment_status":"closed","ping_status":"open","template":"","meta":{"footnotes":""},"class_list":["post-72","page","type-page","status-publish","hentry"],"_links":{"self":[{"href":"https:\/\/jagoche.splet.arnes.si\/index.php?rest_route=\/wp\/v2\/pages\/72","targetHints":{"allow":["GET"]}}],"collection":[{"href":"https:\/\/jagoche.splet.arnes.si\/index.php?rest_route=\/wp\/v2\/pages"}],"about":[{"href":"https:\/\/jagoche.splet.arnes.si\/index.php?rest_route=\/wp\/v2\/types\/page"}],"author":[{"embeddable":true,"href":"https:\/\/jagoche.splet.arnes.si\/index.php?rest_route=\/wp\/v2\/users\/250"}],"replies":[{"embeddable":true,"href":"https:\/\/jagoche.splet.arnes.si\/index.php?rest_route=%2Fwp%2Fv2%2Fcomments&post=72"}],"version-history":[{"count":14,"href":"https:\/\/jagoche.splet.arnes.si\/index.php?rest_route=\/wp\/v2\/pages\/72\/revisions"}],"predecessor-version":[{"id":987,"href":"https:\/\/jagoche.splet.arnes.si\/index.php?rest_route=\/wp\/v2\/pages\/72\/revisions\/987"}],"wp:attachment":[{"href":"https:\/\/jagoche.splet.arnes.si\/index.php?rest_route=%2Fwp%2Fv2%2Fmedia&parent=72"}],"curies":[{"name":"wp","href":"https:\/\/api.w.org\/{rel}","templated":true}]}}